culate the remainder when m(0) is divided by r.
6
Let l = -15 - -28. Suppose -l = -0*o - o. Calculate the remainder when 321/9 + 2/6 is divided by o.
10
Let z be ((-10)/(-15))/((-1)/(-6)). Suppose 2*m - 16 = z*c, c + 20 = 5*c. Calculate the remainder when 53 is divided by m.
17
Suppose 4*u = -c + 2*c + 362, 2*c = -2*u + 176. What is the remainder when 16 is divided by ((-1)/(-3))/(5/u)?
4
Let f = 196 + -138. Suppose 3*z = 2*y + 60, 0*z + z - 20 = -2*y. Calculate the remainder when f is divided by z.
18
Suppose 0 = 2*h + 2*h + 3*t - 3, 3*h + 3*t - 3 = 0. Suppose h = -i + 10 + 24. Let p(a) = -4*a. What is the remainder when i is divided by p(-3)?
10
Suppose -3*z - 2*z + 505 = 0. What is the remainder when z is divided by 418/16 + (-3)/24?
23
Let i = 56 - 33. Suppose g = q + 3*g, 5*q - 4*g = 56. Calculate the remainder when i is divided by q.
7
Let t = 14 + -13. Calculate the remainder when 2 is divided by (t - 7)/(-3) - 0.
0
What is the remainder when ((-2)/6)/(2/(-138)) is divided by 13?
10
Let u(h) = h**2 - 7*h. Let w be u(7). Let q(i) = -2 - 3 - i + w. What is the remainder when 1 is divided by q(-6)?
0
Suppose -78 + 10 = -4*x. Calculate the remainder when x is divided by 5.
2
Calculate the remainder when -38*8/(-24)*(-6)/(-4) is divided by 8.
3
Let v(z) = -14*z**3 - z**2 + z + 2. Let h = -56 - -78. What is the remainder when v(-2) is divided by h?
20
Let x(s) = -s**2 - 14*s - 16. Calculate the remainder when 31 is divided by x(-12).
7
Suppose 5*u - 467 = -w, -w = -2*u - 3*u + 463. Calculate the remainder when u is divided by 48.
45
Suppose 5*w = 3*o - 17, -5*w + 3 = -0*o + 2*o. Let g(n) = -24*n**3 + n**2 - 1. Calculate the remainder when 45 is divided by g(w).
21
Suppose 0 = -4*y, 4*m + 7*y - 148 = 2*y. Calculate the remainder when m is divided by -1 + (-3)/(3/(-14)).
11
Let i(j) = 9*j**2 - 4*j + 10. Calculate the remainder when i(3) is divided by 16.
15
Let o be (-6)/(-9) + (-14)/(-6). Let h(n) = -4 - n**2 + 2*n - o*n**2 + 3*n**2 + n**3. What is the remainder when h(3) is divided by 7?
6
Let r = -255 - -261. Suppose -4*w + 31 = 3*a, 0 = -5*a + 2*w + 33 + 10. Calculate the remainder when a is divided by r.
3
Suppose -n + 61 = -1. Let y = n + -36. Calculate the remainder when y is divided by 9.
8
Suppose 3*c - 32 = -c + 5*g, -c + 4*g = -8. Let w be (-6)/c*(1 - -7). Calculate the remainder when (-2 + 0)/(3/w) is divided by 3.
1
Let m(t) be the third derivative of -t**5/60 - t**4/3 + 7*t**3/6 + 3*t**2. Let w = -18 - -11. Calculate the remainder when 53 is divided by m(w).
11
Suppose -3*f - 11 = -4*f. Let l(a) = -a + 15. What is the remainder when 5 is divided by l(f)?
1
Let i = -26 - 5. Let w = 43 + i. What is the remainder when w is divided by 5?
2
Suppose -5*q + 5 = -10. Suppose q + 0 = u. Calculate the remainder when 14*(1/2)/1 is divided by u.
1
Suppose 2*i = 4*z - 58, 2*z + 2*i = -0*z + 38. What is the remainder when 30 is divided by z?
14
Let s be 4/(0 - (2 + -3)). Suppose -8 = -s*x, z + 3*x = -2*z + 93. Let k = 32 - 17. What is the remainder when z is divided by k?
14
Let b(h) = -h**2 + 24*h + 6. Let g = -3 - -7. Suppose m + g = -f + 10, m - 36 = -4*f. What is the remainder when f is divided by b(0)?
4
Let r be (-1)/(-5) + (-3)/15. Suppose 5*y - 5 = -r. Calculate the remainder when 9 is divided by (2/4)/(y/10).
4
Let f(n) = 2*n**2 - 8*n + 22. Calculate the remainder when f(5) is divided by 17.
15
Let u be (-1 + 9)/(-4)*12. What is the remainder when 69 is divided by 1/(1/u*-1)?
21
Suppose 5*i + 179 = -41. Let q = i + 79. Suppose -39 = -2*y + 5*h, -3*y - y - 4*h + 36 = 0. Calculate the remainder when q is divided by y.
11
Suppose 4*j + 4*s = 3*s + 87, 36 = 2*j - 2*s. What is the remainder when 39 is divided by j?
18
Let g(d) = -1 + 5*d - 5 + 6. What is the remainder when g(3) is divided by 9?
6
Suppose 3*h + 2 = 3*q + 5, 2*h + 2*q = 10. Suppose -145 + 4 = -h*v. Let s = 3 + 13. What is the remainder when v is divided by s?
15
Let s(b) = 8*b - 1. Calculate the remainder when 9 is divided by s(1).
2
Suppose 4*y + 1 = 5. What is the remainder when 3 is divided by y?
0
Let p(y) = y**2 - 6*y + 7. What is the remainder when p(7) is divided by 4?
2
Let w(q) = q**3 + 2*q + 2. Let y be w(3). Suppose 2*d - y = -3*d. Calculate the remainder when d is divided by 3.
1
Let c(d) = -d**3 + 21*d**2 - 35*d - 32. What is the remainder when c(19) is divided by 8?
1
What is the remainder when 3 - (-4 + 3) - -25 is divided by 10?
9
Suppose z - 14 + 65 = 0. Let p = z + 72. What is the remainder when 41 is divided by p?
20
Let y be 366/2*4/12. Let f = -20 + y. What is the remainder when f is divided by 15?
11
Let b(c) = -3 + 8*c - 3*c + 9. Calculate the remainder when b(3) is divided by 4.
1
Let c be 4 - (-1 + 3) - -3. Suppose 0*f = c*f - 115. What is the remainder when f is divided by -3 + 1 - -1 - -13?
11
Suppose -c - 22 = -2*c - 2*n, 3 = n. Suppose -5 + 21 = -2*x. Let l = c + x. What is the remainder when 15 is divided by l?
7
Suppose -h - 15 = -3*s - 6, -4*h = 4*s - 12. What is the remainder when 6 is divided by s?
0
Suppose 2*v + v - 39 = 3*l, -l = -2*v + 11. Let u = l - -23. Let t(g) = -15*g**3 + g + 1. Calculate the remainder when t(-1) is divided by u.
7
Let c = 136 - 61. Suppose 0 = r - 0*r - c. Suppose -3*d + r = -45. Calculate the remainder when d is divided by 14.
12
Let f = 19 + -15. What is the remainder when f is divided by ((-6)/(-4))/(4/8)?
1
Let r(n) = n**3 - n + 3. Suppose 0*i = i + 2*f - 2, -3*f = -3. Calculate the remainder when 4 is divided by r(i).
1
Suppose -81 = -4*q - 25. What is the remainder when q is divided by 9?
5
Calculate the remainder when 804/36 + (-2)/(-3) is divided by 8.
7
Let r(q) = -7*q - 5. What is the remainder when 43 is divided by r(-4)?
20
Calculate the remainder when 156/16 - (-1)/4 is divided by 4.
2
Suppose 0 = -5*o + 7*o - 38. What is the remainder when o is divided by 8?
3
Let l be 0/((-3)/6*-2). Suppose l*q - 5*q + 50 = 0. Calculate the remainder when 19 is divided by q.
9
Let l(f) = 11*f - 5 - f + 0*f + f**2. What is the remainder when l(-11) is divided by 2?
0
What is the remainder when 360/14 + (-18)/(-63) is divided by 7?
5
Let g be ((-12)/(-5))/((-4)/(-20)). Calculate the remainder when (-1)/6 - (-278)/g is divided by 8.
7
Suppose -5*a + 61 = -204. What is the remainder when 101 is divided by a?
48
Suppose 185 = 4*s - f, -27 = -5*s - 5*f + 198. Suppose -u - 74 = -3*m, -3*u + 4*u = -2*m + s. Let x = -17 + m. Calculate the remainder when 25 is divided by x.
4
Suppose 0 = 2*w - 7*w + 25. Let n = -1 + w. Suppose 0*l - 3*v = 3*l - 24, -n*v = 16. Calculate the remainder when l is divided by 7.
5
Let t = -7 + 7. Suppose t*c = -3*c + 84. Suppose -2*o + c = -3*n, 4*n - 13 - 46 = -3*o. What is the remainder when o is divided by 10?
7
What is the remainder when ((-4)/(-2) - -20) + (1 - 3) is divided by 12?
8
Suppose -12*a + 16*a - 64 = 0. What is the remainder when (1 - 2)*-59 + 3 is divided by a?
14
Suppose -31 + 4 = -3*p. Suppose p*c = 13*c - 220. Calculate the remainder when c is divided by 28.
27
Suppose 0*k + 20 = 2*k. Let u = -3 - 15. Let i = 10 - u. What is the remainder when i is divided by k?
8
Let j(o) = 5*o - 3. Let h(p) = 3*p**2 + 4 + 0 - 4*p + 3*p - 2*p**2. What is the remainder when j(2) is divided by h(0)?
3
Suppose -3*g + 143 = -43. Let s(f) = -f**3 - 15*f**2 - 15*f + 2. What is the remainder when g is divided by s(-14)?
14
Let y be -1 + (1 - (-2)/(-2)). Let n = 1 - y. Calculate the remainder when 52/6 + n/6 is divided by 5.
4
Let r = 95 + -76. What is the remainder when r is divided by 14?
5
Let p = -11 + 15. Suppose -2*n + 78 = p. Suppose -5*t = -42 - 23. What is the remainder when n is divided by t?
11
Suppose 0 = 9*k + 37 - 154. What is the remainder when 36 is divided by k?
10
Suppose -48 = o + 2*o. Let s(y) = -y - 6. What is the remainder when 39 is divided by s(o)?
9
Let t(r) = -4*r**3 - 2*r**2 - 4*r - 3. Calculate the remainder when 114 is divided by t(-2).
27
Let c = 18 + -12. Let u(s) = -s**2 + 9*s. Suppose 5*p + 5*t = 50, -9*p + 3*t = -6*p - 30. What is the remainder when u(c) is divided by p?
8
Let b = 48 - 32. What is the remainder when 45 is divided by b?
13
Let z(k) = -k**3 + 17*k**2 + 23. What is the remainder when 183 is divided by z(17)?
22
Let d(m) = 4*m + 1. Let l be d(-1). What